{"id":637,"date":"2011-07-13T21:27:40","date_gmt":"2011-07-13T19:27:40","guid":{"rendered":"http:\/\/hintz.bplaced.net\/images\/2011\/07\/berlin.jpg"},"modified":"2011-07-13T21:27:40","modified_gmt":"2011-07-13T19:27:40","slug":"berlin-2","status":"inherit","type":"attachment","link":"http:\/\/hintz.bplaced.net\/en\/photos\/graffiti\/berlin\/characters\/attachment\/berlin-2\/","title":{"rendered":"Berlin"},"author":1,"comment_status":"open","ping_status":"open","template":"","meta":[],"description":{"rendered":"<p class=\"attachment\"><a href='http:\/\/hintz.bplaced.net\/images\/2011\/07\/berlin.jpg'><img width=\"300\" height=\"89\" src=\"http:\/\/hintz.bplaced.net\/images\/2011\/07\/berlin-300x89.jpg\" class=\"attachment-medium size-medium\" alt=\"\" decoding=\"async\" loading=\"lazy\" srcset=\"http:\/\/hintz.bplaced.net\/images\/2011\/07\/berlin-300x89.jpg 300w, http:\/\/hintz.bplaced.net\/images\/2011\/07\/berlin.jpg 512w\" sizes=\"(max-width: 300px) 100vw, 300px\" \/><\/a><\/p>\n"},"caption":{"rendered":"<p>&#8220;Berlin&#8221;, Berliner B\u00e4r, Fu\u00dfball, Basketball, Gr\u00fcne Woche, Stadtgebiet, Menschen mit Herz, Milch, S-Bahn, Berlin Marathon, Berliner Mauer<\/p>\n"},"alt_text":"","media_type":"image","mime_type":"image\/jpeg","media_details":{"width":"512","height":"152","hwstring_small":"height='38' width='128'","file":"2011\/07\/berlin.jpg","sizes":{"thumbnail":{"file":"berlin-140x140.jpg","width":"140","height":"140","source_url":"http:\/\/hintz.bplaced.net\/images\/2011\/07\/berlin-140x140.jpg"},"medium":{"file":"berlin-300x89.jpg","width":"300","height":"89","source_url":"http:\/\/hintz.bplaced.net\/images\/2011\/07\/berlin-300x89.jpg"},"full":{"file":"berlin.jpg","width":512,"height":152,"mime_type":"image\/jpeg","source_url":"http:\/\/hintz.bplaced.net\/images\/2011\/07\/berlin.jpg"}},"image_meta":{"aperture":"0","credit":"","camera":"","caption":"","created_timestamp":"0","copyright":"","focal_length":"0","iso":"0","shutter_speed":"0","title":""}},"post":193,"source_url":"http:\/\/hintz.bplaced.net\/images\/2011\/07\/berlin.jpg","_links":{"self":[{"href":"http:\/\/hintz.bplaced.net\/en\/wp-json\/wp\/v2\/media\/637"}],"collection":[{"href":"http:\/\/hintz.bplaced.net\/en\/wp-json\/wp\/v2\/media"}],"about":[{"href":"http:\/\/hintz.bplaced.net\/en\/wp-json\/wp\/v2\/types\/attachment"}],"author":[{"embeddable":true,"href":"http:\/\/hintz.bplaced.net\/en\/wp-json\/wp\/v2\/users\/1"}],"replies":[{"embeddable":true,"href":"http:\/\/hintz.bplaced.net\/en\/wp-json\/wp\/v2\/comments?post=637"}]}}

<p>&#8220;Berlin&#8221;, Berliner Bär, Fußball, Basketball, Grüne Woche, Stadtgebiet, Menschen mit Herz, Milch, S-Bahn, Berlin Marathon, Berliner Mauer</p>
